{"id":706,"date":"2025-02-22T18:46:32","date_gmt":"2025-02-22T16:46:32","guid":{"rendered":"http:\/\/kulturverein-inzing.com\/?page_id=706"},"modified":"2025-09-01T20:35:18","modified_gmt":"2025-09-01T18:35:18","slug":"veranstaltungsreihe-fensterkunst","status":"publish","type":"page","link":"http:\/\/kulturverein-inzing.com\/?page_id=706","title":{"rendered":"[Fensterkunst]"},"content":{"rendered":"\n<figure class=\"wp-block-image size-large\"><img loading=\"lazy\" decoding=\"async\" width=\"724\" height=\"1024\" src=\"http:\/\/kulturverein-inzing.com\/wp-content\/uploads\/2025\/03\/Fensterkunst_Flyer_KuenstlerInnen-gesucht-724x1024.jpg\" alt=\"\" class=\"wp-image-752\" srcset=\"http:\/\/kulturverein-inzing.com\/wp-content\/uploads\/2025\/03\/Fensterkunst_Flyer_KuenstlerInnen-gesucht-724x1024.jpg 724w, http:\/\/kulturverein-inzing.com\/wp-content\/uploads\/2025\/03\/Fensterkunst_Flyer_KuenstlerInnen-gesucht-212x300.jpg 212w, http:\/\/kulturverein-inzing.com\/wp-content\/uploads\/2025\/03\/Fensterkunst_Flyer_KuenstlerInnen-gesucht-106x150.jpg 106w, http:\/\/kulturverein-inzing.com\/wp-content\/uploads\/2025\/03\/Fensterkunst_Flyer_KuenstlerInnen-gesucht-1086x1536.jpg 1086w, http:\/\/kulturverein-inzing.com\/wp-content\/uploads\/2025\/03\/Fensterkunst_Flyer_KuenstlerInnen-gesucht-1448x2048.jpg 1448w, http:\/\/kulturverein-inzing.com\/wp-content\/uploads\/2025\/03\/Fensterkunst_Flyer_KuenstlerInnen-gesucht-1200x1697.jpg 1200w, http:\/\/kulturverein-inzing.com\/wp-content\/uploads\/2025\/03\/Fensterkunst_Flyer_KuenstlerInnen-gesucht-scaled.jpg 1810w\" sizes=\"auto, (max-width: 724px) 85vw, 724px\" \/><\/figure>\n\n\n\n<p><\/p>\n\n\n\n<p>Liebe K\u00fcnstler:innen<\/p>\n\n\n\n<p>In der Ausstellungsreihe [Fensterkunst] geht es um die tempor\u00e4re Bespielung der Fensterfl\u00e4chen des Gemeindeamts Inzing. Die Grundidee hinter dem Projekt ist es Kunst- und Kulturschaffenden einen Platz zu geben, ihre Arbeiten\/Werke in einem vorgegebenen Zeitrahmen in der \u00d6ffentlichkeit auszustellen.&nbsp;<\/p>\n\n\n\n<p>Es geht nicht nur darum, Kunst- und Kulturschaffenden einen Platz in der Gemeinde zu geben, sondern auch vor allem um einen kulturellen und sozialen Mehrwert in der Gemeinde zu schaffen. Durch die k\u00fcnstlerische Bespielung wird der \u00f6ffentliche Raum und Knotenpunkt der Gemeinde aufgewertet, durch eine soziale und kulturelle Funktion belebt und regt an, mit der Kunst, aber auch untereinander in Austausch zu kommen.&nbsp;<\/p>\n\n\n\n<p>An alle Kunst- und Kulturschaffenden, wir suchen genau euch! Denn nur zusammen mit euch und den Bewohner:innen Inzings k\u00f6nnen wir den \u00f6ffentlichen Raum nachhaltig bespielen und Menschen jeder Art zusammenbringen.<\/p>\n\n\n\n<p>Informationen zur Bewerbung:<\/p>\n\n\n\n<p>Jede kunst- und kulturschaffende Person kann sich f\u00fcr eine Ausstellung bewerben. Die Auswahl der ausstellenden K\u00fcnstler:innen wird von einer Jury getroffen, die aus Mitgliedern des Vereines f\u00fcr Kultur Inzing besteht.<\/p>\n\n\n\n<p>Einreichung (PDF mit max. 5 DinA4):<\/p>\n\n\n\n<ul class=\"wp-block-list\">\n<li>Kurze Biografie mit Schwerpunkt k\u00fcnstlerischer Werdegang<\/li>\n\n\n\n<li>Kurzes Portfolio mit Werkproben\u00a0<\/li>\n\n\n\n<li>Infos zu den Werken: Abmessung, Material, Jahr und Technik<\/li>\n<\/ul>\n\n\n\n<p>Bewerbung ausschlie\u00dflich digital per Mail als PDF an: <a href=\"mailto:fensterkunst@kulturverein-inzing.com\">fensterkunst@kulturverein-inzing.com<\/a><\/p>\n\n\n\n<p>Wir freuen uns \u00fcber eure Bewerbungen!<\/p>\n\n\n\n<p><\/p>\n\n\n\n<hr class=\"wp-block-separator has-alpha-channel-opacity\"\/>\n\n\n\n<p>Unter diesem Tag findest Du die bisherigen Veranstaltungen:<br><a href=\"http:\/\/kulturverein-inzing.com\/?tag=fensterkunst\">http:\/\/kulturverein-inzing.com\/?tag=fensterkunst<\/a><\/p>\n\n\n\n<p><\/p>\n","protected":false},"excerpt":{"rendered":"<p>Liebe K\u00fcnstler:innen In der Ausstellungsreihe [Fensterkunst] geht es um die tempor\u00e4re Bespielung der Fensterfl\u00e4chen des Gemeindeamts Inzing. Die Grundidee hinter dem Projekt ist es Kunst- und Kulturschaffenden einen Platz zu geben, ihre Arbeiten\/Werke in einem vorgegebenen Zeitrahmen in der \u00d6ffentlichkeit auszustellen.&nbsp; Es geht nicht nur darum, Kunst- und Kulturschaffenden einen Platz in der Gemeinde zu &hellip; <a href=\"http:\/\/kulturverein-inzing.com\/?page_id=706\" class=\"more-link\"><span class=\"screen-reader-text\">\u201e[Fensterkunst]\u201c <\/span>weiterlesen<\/a><\/p>\n","protected":false},"author":2,"featured_media":0,"parent":0,"menu_order":2,"comment_status":"closed","ping_status":"closed","template":"","meta":{"footnotes":""},"class_list":["post-706","page","type-page","status-publish","hentry"],"_links":{"self":[{"href":"http:\/\/kulturverein-inzing.com\/index.php?rest_route=\/wp\/v2\/pages\/706","targetHints":{"allow":["GET"]}}],"collection":[{"href":"http:\/\/kulturverein-inzing.com\/index.php?rest_route=\/wp\/v2\/pages"}],"about":[{"href":"http:\/\/kulturverein-inzing.com\/index.php?rest_route=\/wp\/v2\/types\/page"}],"author":[{"embeddable":true,"href":"http:\/\/kulturverein-inzing.com\/index.php?rest_route=\/wp\/v2\/users\/2"}],"replies":[{"embeddable":true,"href":"http:\/\/kulturverein-inzing.com\/index.php?rest_route=%2Fwp%2Fv2%2Fcomments&post=706"}],"version-history":[{"count":5,"href":"http:\/\/kulturverein-inzing.com\/index.php?rest_route=\/wp\/v2\/pages\/706\/revisions"}],"predecessor-version":[{"id":754,"href":"http:\/\/kulturverein-inzing.com\/index.php?rest_route=\/wp\/v2\/pages\/706\/revisions\/754"}],"wp:attachment":[{"href":"http:\/\/kulturverein-inzing.com\/index.php?rest_route=%2Fwp%2Fv2%2Fmedia&parent=706"}],"curies":[{"name":"wp","href":"https:\/\/api.w.org\/{rel}","templated":true}]}}